{"id":860,"date":"2024-03-31T12:03:13","date_gmt":"2024-03-31T10:03:13","guid":{"rendered":"https:\/\/aidasac.info\/?page_id=860"},"modified":"2024-04-10T20:43:54","modified_gmt":"2024-04-10T18:43:54","slug":"kat","status":"publish","type":"page","link":"https:\/\/aidasac.info\/index.php\/kat\/","title":{"rendered":"Kat"},"content":{"rendered":"\t\t<div data-elementor-type=\"wp-page\" data-elementor-id=\"860\" class=\"elementor elementor-860\">\n\t\t\t\t<div class=\"elementor-element elementor-element-51fbee2 e-flex e-con-boxed wpr-particle-no wpr-jarallax-no wpr-parallax-no wpr-sticky-section-no e-con e-parent\" data-id=\"51fbee2\" data-element_type=\"container\" data-settings=\"{&quot;background_background&quot;:&quot;classic&quot;}\">\n\t\t\t\t\t<div class=\"e-con-inner\">\n\t\t\t\t<div class=\"elementor-element elementor-element-82876c2 elementor-widget elementor-widget-image\" data-id=\"82876c2\" data-element_type=\"widget\" data-widget_type=\"image.default\">\n\t\t\t\t<div class=\"elementor-widget-container\">\n\t\t\t\t\t\t\t\t\t\t\t\t\t\t\t<img fetchpriority=\"high\" decoding=\"async\" width=\"558\" height=\"277\" src=\"https:\/\/aidasac.info\/wp-content\/uploads\/2024\/03\/3photos.png\" class=\"attachment-large size-large wp-image-862\" alt=\"\" srcset=\"https:\/\/aidasac.info\/wp-content\/uploads\/2024\/03\/3photos.png 558w, https:\/\/aidasac.info\/wp-content\/uploads\/2024\/03\/3photos-300x149.png 300w\" sizes=\"(max-width: 558px) 100vw, 558px\" \/>\t\t\t\t\t\t\t\t\t\t\t\t\t\t\t<\/div>\n\t\t\t\t<\/div>\n\t\t\t\t\t<\/div>\n\t\t\t\t<\/div>\n\t\t<div class=\"elementor-element elementor-element-78722db e-flex e-con-boxed wpr-particle-no wpr-jarallax-no wpr-parallax-no wpr-sticky-section-no e-con e-parent\" data-id=\"78722db\" data-element_type=\"container\" data-settings=\"{&quot;background_background&quot;:&quot;classic&quot;}\">\n\t\t\t\t\t<div class=\"e-con-inner\">\n\t\t<div class=\"elementor-element elementor-element-902c4bb e-grid e-con-boxed wpr-particle-no wpr-jarallax-no wpr-parallax-no wpr-sticky-section-no e-con e-child\" data-id=\"902c4bb\" data-element_type=\"container\">\n\t\t\t\t\t<div class=\"e-con-inner\">\n\t\t\t\t<div class=\"elementor-element elementor-element-478f12d elementor-align-center elementor-widget elementor-widget-button\" data-id=\"478f12d\" data-element_type=\"widget\" data-widget_type=\"button.default\">\n\t\t\t\t<div class=\"elementor-widget-container\">\n\t\t\t\t\t\t\t\t\t<div class=\"elementor-button-wrapper\">\n\t\t\t\t\t<a class=\"elementor-button elementor-button-link elementor-size-sm\" href=\"#\">\n\t\t\t\t\t\t<span class=\"elementor-button-content-wrapper\">\n\t\t\t\t\t\t\t\t\t<span class=\"elementor-button-text\">Prestations<\/span>\n\t\t\t\t\t<\/span>\n\t\t\t\t\t<\/a>\n\t\t\t\t<\/div>\n\t\t\t\t\t\t\t\t<\/div>\n\t\t\t\t<\/div>\n\t\t\t\t<div class=\"elementor-element elementor-element-a0e3d75 elementor-align-center elementor-widget elementor-widget-button\" data-id=\"a0e3d75\" data-element_type=\"widget\" data-widget_type=\"button.default\">\n\t\t\t\t<div class=\"elementor-widget-container\">\n\t\t\t\t\t\t\t\t\t<div class=\"elementor-button-wrapper\">\n\t\t\t\t\t<a class=\"elementor-button elementor-button-link elementor-size-sm\" href=\"#\">\n\t\t\t\t\t\t<span class=\"elementor-button-content-wrapper\">\n\t\t\t\t\t\t\t\t\t<span class=\"elementor-button-text\">Services<\/span>\n\t\t\t\t\t<\/span>\n\t\t\t\t\t<\/a>\n\t\t\t\t<\/div>\n\t\t\t\t\t\t\t\t<\/div>\n\t\t\t\t<\/div>\n\t\t\t\t<div class=\"elementor-element elementor-element-fc6ed27 elementor-align-center elementor-widget elementor-widget-button\" data-id=\"fc6ed27\" data-element_type=\"widget\" data-widget_type=\"button.default\">\n\t\t\t\t<div class=\"elementor-widget-container\">\n\t\t\t\t\t\t\t\t\t<div class=\"elementor-button-wrapper\">\n\t\t\t\t\t<a class=\"elementor-button elementor-button-link elementor-size-sm\" href=\"#\">\n\t\t\t\t\t\t<span class=\"elementor-button-content-wrapper\">\n\t\t\t\t\t\t\t\t\t<span class=\"elementor-button-text\">Prix<\/span>\n\t\t\t\t\t<\/span>\n\t\t\t\t\t<\/a>\n\t\t\t\t<\/div>\n\t\t\t\t\t\t\t\t<\/div>\n\t\t\t\t<\/div>\n\t\t\t\t\t<\/div>\n\t\t\t\t<\/div>\n\t\t\t\t\t<\/div>\n\t\t\t\t<\/div>\n\t\t<div class=\"elementor-element elementor-element-dc0b8da e-flex e-con-boxed wpr-particle-no wpr-jarallax-no wpr-parallax-no wpr-sticky-section-no e-con e-parent\" data-id=\"dc0b8da\" data-element_type=\"container\" data-settings=\"{&quot;background_background&quot;:&quot;classic&quot;}\">\n\t\t\t\t\t<div class=\"e-con-inner\">\n\t\t\t\t<div class=\"elementor-element elementor-element-afcacbd elementor-widget elementor-widget-text-editor\" data-id=\"afcacbd\" data-element_type=\"widget\" data-widget_type=\"text-editor.default\">\n\t\t\t\t<div class=\"elementor-widget-container\">\n\t\t\t\t\t\t\t\t\t<pre style=\"background-color: #1d1c1c; color: #ffffff;\">Le P\u2019tit truck caf\u00e9, un v\u00e9ritable coffee shop :\nUn petit camion ambulant d\u00e9di\u00e9 au caf\u00e9 d\u2019exception et au th\u00e9 sous toutes ses formes les plus savoureuses avec des produits bios- \u00e9quitables.\n<span id=\"line306\"><\/span>Vous aimez d\u00e9guster d\u2019excellents caf\u00e9s servis dans les r\u00e8gles de l\u2019art ?\n<span id=\"line307\"><\/span>Le P\u2019tit truck Caf\u00e9 se rend chez vous, sur demande, et ce, dans toute la Provence\n<span id=\"line308\"><\/span>Parce que vous avez envie d\u2019une prestation par une  Barista un sommelier du caf\u00e9 rien que pour vous.\n<span id=\"line309\"><\/span>Privatiser le P\u2019tit Truck Caf\u00e9 pour vous, sera un plaisir pour moi.\n<span id=\"line310\"><\/span>Il se fond discr\u00e8tement dans votre lieu choisi, puisque c\u2019est un tout petit camion, tout mignon, il peut se rendre partout.\n<span id=\"line311\"><\/span>J\u2019ai choisi de travailler avec un torr\u00e9facteur kaffa-roastery respectueux de la terre, des produits et qui conserve les valeurs du bio et du commerce \u00e9quitable.\n<span id=\"line312\"><\/span>Bien s\u00fbr, Le P\u2019tit Truck Caf\u00e9 est l\u00e0 pour cr\u00e9er votre pause bonheur.\n<span id=\"line313\"><\/span>Beau comme un camion, ce v\u00e9ritable Coffee Shop Nomade se d\u00e9place sur votre \u00e9v\u00e9nement pour vous redonner un coup de jus\n<span id=\"line314\"><\/span>En Int\u00e9rieur ou ext\u00e9rieur, en ville ou \u00e0 la campagne, au milieu de nulle part\u2026\n<span id=\"line315\"><\/span>Catherine cr\u00e9e votre pause bonheur l\u00e0 o\u00f9 vous en avez envie.\n<span id=\"line316\"><\/span>Derri\u00e8re le zinc, une barista passionn\u00e9e : Catherine Hardenne, v\u00e9ritable artiste du caf\u00e9.\n<span id=\"line317\"><\/span>Espresso, Macchiato ou Cappuccino, cette Sommeli\u00e8re du caf\u00e9, vous \n<span id=\"line318\"><\/span>s\u00e9lectionne des caf\u00e9s bios et \u00e9quitables et les pr\u00e9pare devant vous, \n<span id=\"line319\"><\/span>dans les r\u00e8gles de l\u2019art, elle saura vous faire d\u00e9guster des caf\u00e9s \n<span id=\"line320\"><\/span>d\u2019exceptions.\n<span id=\"line321\"><\/span>Amateurs de Chocolat, de Th\u00e9 ou de Frapp\u00e9, vous ne serez pas en reste, elle a pens\u00e9 \u00e0 \ntout !\n<span id=\"line322\"><\/span>Concentr\u00e9 de sourire et de bonne humeur, avec le P\u2019tit Truck Caf\u00e9, votre Jour J, se passera \n\u00e0 merveille.\n<span id=\"line323\"><\/span>Parce que Le bonheur est un \u00e9tat durable \nde pl\u00e9nitude, de satisfaction\u2026<\/pre><h3>\u00a0\u00a0 Contactez-moi<\/h3>\t\t\t\t\t\t\t\t<\/div>\n\t\t\t\t<\/div>\n\t\t\t\t\t<\/div>\n\t\t\t\t<\/div>\n\t\t<div class=\"elementor-element elementor-element-210682e e-flex e-con-boxed wpr-particle-no wpr-jarallax-no wpr-parallax-no wpr-sticky-section-no e-con e-parent\" data-id=\"210682e\" data-element_type=\"container\" data-settings=\"{&quot;background_background&quot;:&quot;classic&quot;}\">\n\t\t\t\t\t<div class=\"e-con-inner\">\n\t\t\t\t<div class=\"elementor-element elementor-element-45f375f wpr-step-type-number_text wpr-step-content-layout-vertical wpr-custom-styles-yes elementor-widget elementor-widget-wpr-form-builder\" data-id=\"45f375f\" data-element_type=\"widget\" data-settings=\"{&quot;success_message&quot;:&quot;Submission successful&quot;,&quot;error_message&quot;:&quot;Submission failed&quot;,&quot;button_width&quot;:{&quot;unit&quot;:&quot;%&quot;,&quot;size&quot;:100,&quot;sizes&quot;:[]},&quot;button_width_tablet&quot;:{&quot;unit&quot;:&quot;px&quot;,&quot;size&quot;:&quot;&quot;,&quot;sizes&quot;:[]},&quot;button_width_mobile&quot;:{&quot;unit&quot;:&quot;px&quot;,&quot;size&quot;:&quot;&quot;,&quot;sizes&quot;:[]},&quot;step_type&quot;:&quot;number_text&quot;,&quot;step_content_layout&quot;:&quot;vertical&quot;}\" data-widget_type=\"wpr-form-builder.default\">\n\t\t\t\t<div class=\"elementor-widget-container\">\n\t\t\t\t\t\t\t<form class=\"wpr-form\" method=\"post\" name=\"New Form\" page=\"Kat\" page_id=\"860\" novalidate>\n\t\t\t<input type=\"hidden\" name=\"post_id\" value=\"860\"\/>\n\t\t\t<input type=\"hidden\" name=\"form_id\" value=\"45f375f\"\/>\n\t\t\t<input type=\"hidden\" name=\"referer_title\" value=\"Web@ssistance 84\" \/>\n\n\t\t\t<div class=\"wpr-step-wrap\"><\/div>\n\t\t\t<div class=\"wpr-form-fields-wrap wpr-labels-above\">\n\t\t\t\t\t\t\t\t\t<div class=\"wpr-form-field-type-text wpr-field-group wpr-column wpr-field-group-name elementor-repeater-item-732c7fb\">\n\t\t\t\t\t\t\t\t\t\t\t\t\t\t<label for=\"form-field-name\" class=\"wpr-form-field-label\">\n\t\t\t\t\t\t\t\t\tName\t\t\t\t\t\t\t\t<\/label>\n\t\t\t\t\t\t\t<input size=\"1 \"type=\"text\" name=\"form_fields[name]\" id=\"form-field-name\" class=\"wpr-form-field  wpr-form-field-textual\" placeholder=\"Name\">\t\t\t\t\t<\/div>\n\t\t\t\t\t\t\t\t\t<div class=\"wpr-form-field-type-email wpr-field-group wpr-column wpr-field-group-email elementor-repeater-item-2e31d7d wpr-form-field-required\">\n\t\t\t\t\t\t\t\t\t\t\t\t\t\t<label for=\"form-field-email\" class=\"wpr-form-field-label\">\n\t\t\t\t\t\t\t\t\tEmail\t\t\t\t\t\t\t\t<\/label>\n\t\t\t\t\t\t\t<input size=\"1 \"type=\"email\" name=\"form_fields[email]\" id=\"form-field-email\" class=\"wpr-form-field  wpr-form-field-textual\" placeholder=\"Email\" required=\"required\" aria-required=\"true\">\t\t\t\t\t<\/div>\n\t\t\t\t\t\t\t\t\t<div class=\"wpr-form-field-type-textarea wpr-field-group wpr-column wpr-field-group-message elementor-repeater-item-e8343e3\">\n\t\t\t\t\t\t\t\t\t\t\t\t\t\t<label for=\"form-field-message\" class=\"wpr-form-field-label\">\n\t\t\t\t\t\t\t\t\tMessage\t\t\t\t\t\t\t\t<\/label>\n\t\t\t\t\t\t\t<textarea class=\"wpr-form-field-textual wpr-form-field \" name=\"form_fields[message]\" id=\"form-field-message\" rows=\"7\" placeholder=\"Message\"><\/textarea>\t\t\t\t\t<\/div>\n\t\t\t\t<div class=\"wpr-field-group wpr-stp-btns-wrap wpr-column wpr-form-field-type-submit\" data-actions=\"[&quot;email&quot;]\" data-redirect-url=\"\" data-mailchimp-fields=\"{&quot;email_field&quot;:&quot;&quot;,&quot;first_name_field&quot;:&quot;&quot;,&quot;last_name_field&quot;:&quot;&quot;,&quot;address_field&quot;:&quot;&quot;,&quot;phone_field&quot;:&quot;&quot;,&quot;birthday_field&quot;:&quot;&quot;,&quot;group_id&quot;:&quot;&quot;}\" data-list-id=\"\">\t\t\t<button type=\"submit\" class=\"wpr-button\">\n\t\t\t\t<span >\n\t\t\t\t\t\t\t\t\t\t\t\t\t\t\t\t<span>Send<\/span>\n\t\t\t\t\t\t\t\t\t\t\t\t\t\t<\/span>\t\n\t\t\t\t<div class=\"wpr-double-bounce wpr-loader-hidden\">\n\t\t\t\t\t<div class=\"wpr-child wpr-double-bounce1\"><\/div>\n\t\t\t\t\t<div class=\"wpr-child wpr-double-bounce2\"><\/div>\n\t\t\t\t<\/div>\n\t\t\t<\/button>\n\t\t<\/div>\t\t\t\t\n\t\t\t<\/div>\n\t\t<\/form>\n\t  \t\t\t\t<\/div>\n\t\t\t\t<\/div>\n\t\t\t\t\t<\/div>\n\t\t\t\t<\/div>\n\t\t<div class=\"elementor-element elementor-element-a050875 e-flex e-con-boxed wpr-particle-no wpr-jarallax-no wpr-parallax-no wpr-sticky-section-no e-con e-parent\" data-id=\"a050875\" data-element_type=\"container\">\n\t\t\t\t\t<div class=\"e-con-inner\">\n\t\t\t\t\t<\/div>\n\t\t\t\t<\/div>\n\t\t<div class=\"elementor-element elementor-element-32eb8f7 e-flex e-con-boxed wpr-particle-no wpr-jarallax-no wpr-parallax-no wpr-sticky-section-no e-con e-parent\" data-id=\"32eb8f7\" data-element_type=\"container\">\n\t\t\t\t\t<div class=\"e-con-inner\">\n\t\t\t\t<div class=\"elementor-element elementor-element-616c9cd wpr-mailchimp-layout-hr elementor-widget elementor-widget-wpr-mailchimp\" data-id=\"616c9cd\" data-element_type=\"widget\" data-widget_type=\"wpr-mailchimp.default\">\n\t\t\t\t<div class=\"elementor-widget-container\">\n\t\t\t\t\t\n\t\t<form class=\"wpr-mailchimp-form\" id=\"wpr-mailchimp-form-616c9cd\" method=\"POST\" data-list-id=\"def\" data-clear-fields=\"\">\n\t\t\t<!-- Form Header -->\n\t\t\t\n\t\t\t<div class=\"wpr-mailchimp-fields\">\n\t\t\t\t<!-- Email Input -->\n\t\t\t\t<div class=\"wpr-mailchimp-email\">\n\t\t\t\t\t<label>Email<\/label>\t\t\t\t\t<input type=\"email\" name=\"wpr_mailchimp_email\" placeholder=\"sample@mail.com\" required=\"required\">\n\t\t\t\t<\/div>\n\n\t\t\t\t<!-- Extra Fields -->\n\t\t\t\t\n\t\t\t\t<!-- Subscribe Button -->\n\t\t\t\t<div class=\"wpr-mailchimp-subscribe\">\n\t\t\t\t\t<button type=\"submit\" id=\"wpr-subscribe-616c9cd\" class=\"wpr-mailchimp-subscribe-btn\" data-loading=\"Subscribing...\">\n\t\t\t\t  \t\tSubscribe\t\t\t\t\t<\/button>\n\t\t\t\t<\/div>\n\t\t\t<\/div>\n\n\t\t\t<!-- Success\/Error Message -->\n\t\t\t<div class=\"wpr-mailchimp-message\">\n\t\t\t\t<span class=\"wpr-mailchimp-success-message\">You have been successfully Subscribed!<\/span>\n\t\t\t\t<span class=\"wpr-mailchimp-error-message\">Ops! Something went wrong, please try again.<\/span>\n\t\t\t<\/div>\n\t\t<\/form>\n\n\t\t\t\t\t\t<\/div>\n\t\t\t\t<\/div>\n\t\t\t\t\t<\/div>\n\t\t\t\t<\/div>\n\t\t\t\t<section class=\"elementor-section elementor-top-section elementor-element elementor-element-6683fdea0 elementor-section-boxed elementor-section-height-default elementor-section-height-default wpr-particle-no wpr-jarallax-no wpr-parallax-no wpr-sticky-section-no\" data-id=\"6683fdea0\" data-element_type=\"section\">\n\t\t\t\t\t\t<div class=\"elementor-container elementor-column-gap-default\">\n\t\t\t\t\t<div class=\"elementor-column elementor-col-100 elementor-top-column elementor-element elementor-element-2fc44c15\" data-id=\"2fc44c15\" data-element_type=\"column\" data-settings=\"{&quot;background_background&quot;:&quot;gradient&quot;}\">\n\t\t\t<div class=\"elementor-widget-wrap elementor-element-populated\">\n\t\t\t\t\t<div class=\"elementor-background-overlay\"><\/div>\n\t\t\t\t\t\t<section class=\"elementor-section elementor-inner-section elementor-element elementor-element-3d3b1b57 elementor-section-boxed elementor-section-height-default elementor-section-height-default wpr-particle-no wpr-jarallax-no wpr-parallax-no wpr-sticky-section-no\" data-id=\"3d3b1b57\" data-element_type=\"section\">\n\t\t\t\t\t\t<div class=\"elementor-container elementor-column-gap-default\">\n\t\t\t\t\t<div class=\"elementor-column elementor-col-100 elementor-inner-column elementor-element elementor-element-36979b02\" data-id=\"36979b02\" data-element_type=\"column\">\n\t\t\t<div class=\"elementor-widget-wrap elementor-element-populated\">\n\t\t\t\t\t\t<div class=\"elementor-element elementor-element-46af956d wpr-mailchimp-layout-hr elementor-widget elementor-widget-wpr-mailchimp\" data-id=\"46af956d\" data-element_type=\"widget\" data-widget_type=\"wpr-mailchimp.default\">\n\t\t\t\t<div class=\"elementor-widget-container\">\n\t\t\t\t\t\n\t\t<form class=\"wpr-mailchimp-form\" id=\"wpr-mailchimp-form-46af956d\" method=\"POST\" data-list-id=\"def\" data-clear-fields=\"\">\n\t\t\t<!-- Form Header -->\n\t\t\t\t\t\t<div class=\"wpr-mailchimp-header\">\n\t\t\t\t\t\t\t\t<h3>\n\t\t\t\t\t<i class=\"far fa-envelope\"><\/i>Become a better designer!\t\t\t\t<\/h3>\n\t\t\t\t<p>Sign up for a Newsletter.<\/p>\n\t\t\t<\/div>\n\t\t\t\n\t\t\t<div class=\"wpr-mailchimp-fields\">\n\t\t\t\t<!-- Email Input -->\n\t\t\t\t<div class=\"wpr-mailchimp-email\">\n\t\t\t\t\t\t\t\t\t\t<input type=\"email\" name=\"wpr_mailchimp_email\" placeholder=\"info@mail.com\" required=\"required\">\n\t\t\t\t<\/div>\n\n\t\t\t\t<!-- Extra Fields -->\n\t\t\t\t\n\t\t\t\t<!-- Subscribe Button -->\n\t\t\t\t<div class=\"wpr-mailchimp-subscribe\">\n\t\t\t\t\t<button type=\"submit\" id=\"wpr-subscribe-46af956d\" class=\"wpr-mailchimp-subscribe-btn\" data-loading=\"Subscribing...\">\n\t\t\t\t  \t\tSubscribe\t\t\t\t\t<\/button>\n\t\t\t\t<\/div>\n\t\t\t<\/div>\n\n\t\t\t<!-- Success\/Error Message -->\n\t\t\t<div class=\"wpr-mailchimp-message\">\n\t\t\t\t<span class=\"wpr-mailchimp-success-message\">You have been successfully Subscribed!<\/span>\n\t\t\t\t<span class=\"wpr-mailchimp-error-message\">Ops! Something went wrong, please try again.<\/span>\n\t\t\t<\/div>\n\t\t<\/form>\n\n\t\t\t\t\t\t<\/div>\n\t\t\t\t<\/div>\n\t\t\t\t\t<\/div>\n\t\t<\/div>\n\t\t\t\t\t<\/div>\n\t\t<\/section>\n\t\t\t\t\t<\/div>\n\t\t<\/div>\n\t\t\t\t\t<\/div>\n\t\t<\/section>\n\t\t\t\t<\/div>\n\t\t","protected":false},"excerpt":{"rendered":"<p>Prestations Services Prix Le P\u2019tit truck caf\u00e9, un v\u00e9ritable coffee shop : Un petit camion ambulant d\u00e9di\u00e9 au caf\u00e9 d\u2019exception et au th\u00e9 sous toutes ses formes les plus savoureuses avec des produits bios- \u00e9quitables. Vous aimez d\u00e9guster d\u2019excellents caf\u00e9s servis dans les r\u00e8gles de l\u2019art ? Le P\u2019tit truck<a href=\"https:\/\/aidasac.info\/index.php\/kat\/\" class=\"read-more\">Read More<\/a><\/p>\n","protected":false},"author":1,"featured_media":0,"parent":0,"menu_order":0,"comment_status":"closed","ping_status":"closed","template":"","meta":{"footnotes":""},"class_list":["post-860","page","type-page","status-publish","hentry"],"yoast_head":"<!-- This site is optimized with the Yoast SEO plugin v25.8 - https:\/\/yoast.com\/wordpress\/plugins\/seo\/ -->\n<title>Kat - Web@ssistance 84<\/title>\n<meta name=\"robots\" content=\"index, follow, max-snippet:-1, max-image-preview:large, max-video-preview:-1\" \/>\n<link rel=\"canonical\" href=\"https:\/\/aidasac.info\/index.php\/kat\/\" \/>\n<meta property=\"og:locale\" content=\"fr_FR\" \/>\n<meta property=\"og:type\" content=\"article\" \/>\n<meta property=\"og:title\" content=\"Kat - Web@ssistance 84\" \/>\n<meta property=\"og:description\" content=\"Prestations Services Prix Le P\u2019tit truck caf\u00e9, un v\u00e9ritable coffee shop : Un petit camion ambulant d\u00e9di\u00e9 au caf\u00e9 d\u2019exception et au th\u00e9 sous toutes ses formes les plus savoureuses avec des produits bios- \u00e9quitables. Vous aimez d\u00e9guster d\u2019excellents caf\u00e9s servis dans les r\u00e8gles de l\u2019art ? Le P\u2019tit truckRead More\" \/>\n<meta property=\"og:url\" content=\"https:\/\/aidasac.info\/index.php\/kat\/\" \/>\n<meta property=\"og:site_name\" content=\"Web@ssistance 84\" \/>\n<meta property=\"article:publisher\" content=\"https:\/\/www.facebook.com\/webassistance84\/\" \/>\n<meta property=\"article:modified_time\" content=\"2024-04-10T18:43:54+00:00\" \/>\n<meta property=\"og:image\" content=\"https:\/\/aidasac.info\/wp-content\/uploads\/2024\/03\/3photos.png\" \/>\n<meta name=\"twitter:card\" content=\"summary_large_image\" \/>\n<meta name=\"twitter:label1\" content=\"Dur\u00e9e de lecture estim\u00e9e\" \/>\n\t<meta name=\"twitter:data1\" content=\"1 minute\" \/>\n<script type=\"application\/ld+json\" class=\"yoast-schema-graph\">{\"@context\":\"https:\/\/schema.org\",\"@graph\":[{\"@type\":\"WebPage\",\"@id\":\"https:\/\/aidasac.info\/index.php\/kat\/\",\"url\":\"https:\/\/aidasac.info\/index.php\/kat\/\",\"name\":\"Kat - Web@ssistance 84\",\"isPartOf\":{\"@id\":\"https:\/\/aidasac.info\/#website\"},\"primaryImageOfPage\":{\"@id\":\"https:\/\/aidasac.info\/index.php\/kat\/#primaryimage\"},\"image\":{\"@id\":\"https:\/\/aidasac.info\/index.php\/kat\/#primaryimage\"},\"thumbnailUrl\":\"https:\/\/aidasac.info\/wp-content\/uploads\/2024\/03\/3photos.png\",\"datePublished\":\"2024-03-31T10:03:13+00:00\",\"dateModified\":\"2024-04-10T18:43:54+00:00\",\"breadcrumb\":{\"@id\":\"https:\/\/aidasac.info\/index.php\/kat\/#breadcrumb\"},\"inLanguage\":\"fr-FR\",\"potentialAction\":[{\"@type\":\"ReadAction\",\"target\":[\"https:\/\/aidasac.info\/index.php\/kat\/\"]}]},{\"@type\":\"ImageObject\",\"inLanguage\":\"fr-FR\",\"@id\":\"https:\/\/aidasac.info\/index.php\/kat\/#primaryimage\",\"url\":\"https:\/\/aidasac.info\/wp-content\/uploads\/2024\/03\/3photos.png\",\"contentUrl\":\"https:\/\/aidasac.info\/wp-content\/uploads\/2024\/03\/3photos.png\",\"width\":558,\"height\":277},{\"@type\":\"BreadcrumbList\",\"@id\":\"https:\/\/aidasac.info\/index.php\/kat\/#breadcrumb\",\"itemListElement\":[{\"@type\":\"ListItem\",\"position\":1,\"name\":\"Accueil\",\"item\":\"https:\/\/aidasac.info\/\"},{\"@type\":\"ListItem\",\"position\":2,\"name\":\"Kat\"}]},{\"@type\":\"WebSite\",\"@id\":\"https:\/\/aidasac.info\/#website\",\"url\":\"https:\/\/aidasac.info\/\",\"name\":\"Web@ssistance 84\",\"description\":\"Assistance et formation informatique, cr\u00e9ation de sites internet en Vaucluse\",\"publisher\":{\"@id\":\"https:\/\/aidasac.info\/#organization\"},\"potentialAction\":[{\"@type\":\"SearchAction\",\"target\":{\"@type\":\"EntryPoint\",\"urlTemplate\":\"https:\/\/aidasac.info\/?s={search_term_string}\"},\"query-input\":{\"@type\":\"PropertyValueSpecification\",\"valueRequired\":true,\"valueName\":\"search_term_string\"}}],\"inLanguage\":\"fr-FR\"},{\"@type\":\"Organization\",\"@id\":\"https:\/\/aidasac.info\/#organization\",\"name\":\"Web@ssistance 84\",\"url\":\"https:\/\/aidasac.info\/\",\"logo\":{\"@type\":\"ImageObject\",\"inLanguage\":\"fr-FR\",\"@id\":\"https:\/\/aidasac.info\/#\/schema\/logo\/image\/\",\"url\":\"https:\/\/aidasac.info\/wp-content\/uploads\/2017\/09\/cropped-logo_pc_croix_rouge_6-2.png\",\"contentUrl\":\"https:\/\/aidasac.info\/wp-content\/uploads\/2017\/09\/cropped-logo_pc_croix_rouge_6-2.png\",\"width\":512,\"height\":512,\"caption\":\"Web@ssistance 84\"},\"image\":{\"@id\":\"https:\/\/aidasac.info\/#\/schema\/logo\/image\/\"},\"sameAs\":[\"https:\/\/www.facebook.com\/webassistance84\/\"]}]}<\/script>\n<!-- \/ Yoast SEO plugin. -->","yoast_head_json":{"title":"Kat - Web@ssistance 84","robots":{"index":"index","follow":"follow","max-snippet":"max-snippet:-1","max-image-preview":"max-image-preview:large","max-video-preview":"max-video-preview:-1"},"canonical":"https:\/\/aidasac.info\/index.php\/kat\/","og_locale":"fr_FR","og_type":"article","og_title":"Kat - Web@ssistance 84","og_description":"Prestations Services Prix Le P\u2019tit truck caf\u00e9, un v\u00e9ritable coffee shop : Un petit camion ambulant d\u00e9di\u00e9 au caf\u00e9 d\u2019exception et au th\u00e9 sous toutes ses formes les plus savoureuses avec des produits bios- \u00e9quitables. Vous aimez d\u00e9guster d\u2019excellents caf\u00e9s servis dans les r\u00e8gles de l\u2019art ? Le P\u2019tit truckRead More","og_url":"https:\/\/aidasac.info\/index.php\/kat\/","og_site_name":"Web@ssistance 84","article_publisher":"https:\/\/www.facebook.com\/webassistance84\/","article_modified_time":"2024-04-10T18:43:54+00:00","og_image":[{"url":"https:\/\/aidasac.info\/wp-content\/uploads\/2024\/03\/3photos.png","type":"","width":"","height":""}],"twitter_card":"summary_large_image","twitter_misc":{"Dur\u00e9e de lecture estim\u00e9e":"1 minute"},"schema":{"@context":"https:\/\/schema.org","@graph":[{"@type":"WebPage","@id":"https:\/\/aidasac.info\/index.php\/kat\/","url":"https:\/\/aidasac.info\/index.php\/kat\/","name":"Kat - Web@ssistance 84","isPartOf":{"@id":"https:\/\/aidasac.info\/#website"},"primaryImageOfPage":{"@id":"https:\/\/aidasac.info\/index.php\/kat\/#primaryimage"},"image":{"@id":"https:\/\/aidasac.info\/index.php\/kat\/#primaryimage"},"thumbnailUrl":"https:\/\/aidasac.info\/wp-content\/uploads\/2024\/03\/3photos.png","datePublished":"2024-03-31T10:03:13+00:00","dateModified":"2024-04-10T18:43:54+00:00","breadcrumb":{"@id":"https:\/\/aidasac.info\/index.php\/kat\/#breadcrumb"},"inLanguage":"fr-FR","potentialAction":[{"@type":"ReadAction","target":["https:\/\/aidasac.info\/index.php\/kat\/"]}]},{"@type":"ImageObject","inLanguage":"fr-FR","@id":"https:\/\/aidasac.info\/index.php\/kat\/#primaryimage","url":"https:\/\/aidasac.info\/wp-content\/uploads\/2024\/03\/3photos.png","contentUrl":"https:\/\/aidasac.info\/wp-content\/uploads\/2024\/03\/3photos.png","width":558,"height":277},{"@type":"BreadcrumbList","@id":"https:\/\/aidasac.info\/index.php\/kat\/#breadcrumb","itemListElement":[{"@type":"ListItem","position":1,"name":"Accueil","item":"https:\/\/aidasac.info\/"},{"@type":"ListItem","position":2,"name":"Kat"}]},{"@type":"WebSite","@id":"https:\/\/aidasac.info\/#website","url":"https:\/\/aidasac.info\/","name":"Web@ssistance 84","description":"Assistance et formation informatique, cr\u00e9ation de sites internet en Vaucluse","publisher":{"@id":"https:\/\/aidasac.info\/#organization"},"potentialAction":[{"@type":"SearchAction","target":{"@type":"EntryPoint","urlTemplate":"https:\/\/aidasac.info\/?s={search_term_string}"},"query-input":{"@type":"PropertyValueSpecification","valueRequired":true,"valueName":"search_term_string"}}],"inLanguage":"fr-FR"},{"@type":"Organization","@id":"https:\/\/aidasac.info\/#organization","name":"Web@ssistance 84","url":"https:\/\/aidasac.info\/","logo":{"@type":"ImageObject","inLanguage":"fr-FR","@id":"https:\/\/aidasac.info\/#\/schema\/logo\/image\/","url":"https:\/\/aidasac.info\/wp-content\/uploads\/2017\/09\/cropped-logo_pc_croix_rouge_6-2.png","contentUrl":"https:\/\/aidasac.info\/wp-content\/uploads\/2017\/09\/cropped-logo_pc_croix_rouge_6-2.png","width":512,"height":512,"caption":"Web@ssistance 84"},"image":{"@id":"https:\/\/aidasac.info\/#\/schema\/logo\/image\/"},"sameAs":["https:\/\/www.facebook.com\/webassistance84\/"]}]}},"_links":{"self":[{"href":"https:\/\/aidasac.info\/index.php\/wp-json\/wp\/v2\/pages\/860","targetHints":{"allow":["GET"]}}],"collection":[{"href":"https:\/\/aidasac.info\/index.php\/wp-json\/wp\/v2\/pages"}],"about":[{"href":"https:\/\/aidasac.info\/index.php\/wp-json\/wp\/v2\/types\/page"}],"author":[{"embeddable":true,"href":"https:\/\/aidasac.info\/index.php\/wp-json\/wp\/v2\/users\/1"}],"replies":[{"embeddable":true,"href":"https:\/\/aidasac.info\/index.php\/wp-json\/wp\/v2\/comments?post=860"}],"version-history":[{"count":48,"href":"https:\/\/aidasac.info\/index.php\/wp-json\/wp\/v2\/pages\/860\/revisions"}],"predecessor-version":[{"id":921,"href":"https:\/\/aidasac.info\/index.php\/wp-json\/wp\/v2\/pages\/860\/revisions\/921"}],"wp:attachment":[{"href":"https:\/\/aidasac.info\/index.php\/wp-json\/wp\/v2\/media?parent=860"}],"curies":[{"name":"wp","href":"https:\/\/api.w.org\/{rel}","templated":true}]}}