{"id":10,"date":"2017-03-07T13:13:23","date_gmt":"2017-03-07T12:13:23","guid":{"rendered":"http:\/\/aidasac.info\/?page_id=10"},"modified":"2017-07-26T17:37:09","modified_gmt":"2017-07-26T15:37:09","slug":"contactez-moi","status":"publish","type":"page","link":"https:\/\/aidasac.info\/index.php\/accueil\/contactez-moi\/","title":{"rendered":"Contactez-moi"},"content":{"rendered":"<p>Si vous voulez nous confier une mission ou avoir un renseignement, utilisez le formulaire ci-dessous pour me contacter.<br \/>\nJe\u00a0 vous r\u00e9pondrai le plus rapidement possible.<br \/>\n<div style=\"display:none\" class=\"fm-form-container fm-theme53\"><div id=\"fm-pages1\" class=\"fm-pages wdform_page_navigation \" show_title=\"false\" show_numbers=\"true\" type=\"none\"><\/div><form name=\"form1\" action=\"\/index.php\/wp-json\/wp\/v2\/pages\/10\" method=\"post\" id=\"form1\" class=\"fm-form form1  \" enctype=\"multipart\/form-data\"><input type=\"hidden\" id=\"fm_page_id1\" value=\"10\" name=\"fm_page_id1\" \/><input type=\"hidden\" id=\"fm_current_post_type1\" value=\"page\" name=\"fm_current_post_type1\" \/><input type=\"hidden\" id=\"counter1\" value=\"7\" name=\"counter1\" \/><input type=\"hidden\" id=\"Itemid1\" value=\"\" name=\"Itemid1\" \/><input type=\"hidden\" id=\"fm_shake1\" value=\"1\" name=\"fm_shake1\" \/><input type=\"text\" class=\"fm-hide\" id=\"fm_empty_field_validation1\" value=\"\" name=\"fm_empty_field_validation1\" data-value=\"bd736efb144d599cf463541431fbf5c4\" \/><div class=\"wdform-page-and-images fm-form-builder\" style=\"display:table; border-top:0px solid black;\"><div id=\"1form_view1\" class=\"wdform_page\" page_title=\"Untitled page\" next_title=\"Next\" next_type=\"text\" next_class=\"wdform-page-button\" next_checkable=\"false\" previous_title=\"Previous\" previous_type=\"text\" previous_class=\"wdform-page-button\" previous_checkable=\"false\"><div class=\"wdform_section fm-col-1\"><div class=\"wdform_column\"><div wdid=\"1\" class=\"wdform_row\" style=\"\"><div type=\"type_name\" class=\"wdform-field wd-width-100 wd-flex wd-flex-row fm-type_name\" ><div class=\"wdform-label-section wd-width-30  wd-flex-row\" style=\"max-width: 70px;\">    <label  for=\"wdform_1_element_first1\" class=\"wdform-label\">Identit\u00e9:<\/label><span class=\"wdform-required\">*<\/span><\/div><div class=\"wdform-element-section wd-flex  wd-flex-row wd-width-70\" ><div class=\"wd-flex wd-flex-column wd-width-50\"><input type=\"text\" class=\"wd-width-100\" id=\"wdform_1_element_first1\" name=\"wdform_1_element_first1\" data-value=\"\" value=\"\" title=\"\" placeholder=\"\"  \/><label class=\"mini_label\" for=\"wdform_1_element_first1\">Pr\u00e9nom<\/label><\/div><div class=\"wd-flex wd-flex-column wd-name-separator\"><\/div><div class=\"wd-flex wd-flex-column wd-width-50\"><input type=\"text\" class=\"wd-width-100\" id=\"wdform_1_element_last1\" name=\"wdform_1_element_last1\" data-value=\"\" value=\"\" title=\"\" placeholder=\"\"  \/><label class=\"mini_label\" for=\"wdform_1_element_last1\">Nom<\/label><\/div><\/div><\/div><\/div><\/div><div class=\"wdform_column\"><div wdid=\"2\" class=\"wdform_row\"><div type=\"type_submitter_mail\" class=\"wdform-field wd-width-100 wd-flex wd-flex-row fm-type_submitter_mail\" ><div class=\"wdform-label-section wd-width-30  wd-flex-row\" style=\"max-width: 70px;\">    <label  for=\"wdform_2_element1\" class=\"wdform-label\">E-mail:<\/label><span class=\"wdform-required\">*<\/span><\/div><div class=\"wdform-element-section wd-flex  wd-flex-row wd-width-70\" style=\"max-width: 200px;\"><input type=\"text\" class=\"wd-width-100\" id=\"wdform_2_element1\" name=\"wdform_2_element1\" data-value=\"\" value=\"\" title=\"\" placeholder=\"\"   onchange=\"wd_check_email('2', '1', 'Ceci n\\'est pas une adresse e-mail valide')\" \/><\/div><\/div><\/div><\/div><div class=\"wdform_column\"><div wdid=\"3\" class=\"wdform_row\" style=\"\"><div type=\"type_text\" class=\"wdform-field wd-width-100 wd-flex wd-flex-row fm-type_text\" ><div class=\"wdform-label-section wd-width-30  wd-flex-row wd-align-items-center\" style=\"max-width: 70px;\">    <label  for=\"wdform_3_element1\" class=\"wdform-label\">Sujet:<\/label><span class=\"wdform-required\">*<\/span><\/div><div class=\"wdform-element-section wd-flex  wd-flex-row wd-align-items-center wd-width-70\" style=\"max-width: 200px;\"><input type=\"text\"                           class=\"wd-width-100\"                           id=\"wdform_3_element1\"                           name=\"wdform_3_element1\"                           value=\"\"                           data-value=\"\"                           title=\"\"                           placeholder=\"\"                                                       \/><\/div><\/div><\/div><\/div><div class=\"wdform_column\"><div wdid=\"4\" class=\"wdform_row\"><div type=\"type_textarea\" class=\"wdform-field wd-width-100 wd-flex wd-flex-row fm-type_textarea\" ><div class=\"wdform-label-section wd-width-30 \" style=\"max-width: 70px;\">    <label  for=\"wdform_4_element1\" class=\"wdform-label\">Message:<\/label><span class=\"wdform-required\">*<\/span><\/div><div class=\"wdform-element-section wd-flex  wd-width-70\" style=\"max-width: 200px;\"><textarea class=\"wd-width-100\"                      id=\"wdform_4_element1\"                      name=\"wdform_4_element1\"                      placeholder=\"\"                      data-value=\"\"                      maxlength=\"\"                      style=\"height: 100px;\"                      ><\/textarea><\/div><\/div><\/div><\/div><div class=\"wdform_column\"><div wdid=\"6\" class=\"wdform_row\"><div type=\"type_radio\" class=\"wdform-field wd-width-100 wd-flex wd-flex-column fm-type_radio\" ><div class=\"wdform-label-section wd-width-100  wd-flex-wrap wd-flex-column\">    <label  class=\"wdform-label\">Vos donn\u00e9es personnelles seront utilis\u00e9es pour vous contacter et \u00e9ventuellement pour \u00e9tablir un devis. Ensuite elles ne seront pas conserv\u00e9es. <\/label><span class=\"wdform-required\">*<\/span><\/div><div class=\"wdform-element-section wd-flex  wd-flex-wrap wd-flex-column wd-width-100\" ><div class=\"wd-flex wd-flex-column\"><input type=\"hidden\" name=\"wdform_6_element1\" value=\"\" \/><div class=\"radio-div wd-choice wd-flex wd-flex-row\"><input type=\"radio\"  id=\"wdform_6_element10\" name=\"wdform_6_element1\" value=\"J&#039; accepte\" onclick=\"set_default(&quot;wdform_6&quot;,&quot;0&quot;,&quot;1&quot;); \"   \/><label class=\"wd-align-items-center wd-flex wd-flex-row\" for=\"wdform_6_element10\"><span><\/span>J' accepte<\/label><\/div><\/div><\/div><\/div><\/div><\/div><div class=\"wdform_column\"><div wdid=\"5\" class=\"wdform_row\"><div type=\"type_submit_reset\" class=\"wdform-field wd-width-100 wd-flex wd-flex-column fm-type_submit_reset\" ><div class=\"wdform-element-section wd-flex  wd-flex-row wd-justify-content-left wd-width-100\" ><button  type=\"button\" class=\"button-submit\" onclick=\"fm_submit_form('1');\"  data-ajax=\"0\"><span class=\"fm-submit-loading spinner fm-ico-spinner\"><\/span>Envoyer<\/button><button  type=\"button\" class=\"button-reset \" onclick=\"fm_reset_form(1);\" >Remise \u00e0 z\u00e9ro<\/button><\/div><\/div><\/div><\/div><\/div><div valign=\"top\" class=\"wdform_footer\" style=\"width: 100%;\"><div style=\"width: 100%;\"><div style=\"width: 100%; display: table;\"><div style=\"display: table-row-group;\"><div id=\"1page_nav1\" style=\"display: table-row;\"><\/div><\/div><\/div><\/div><\/div><\/div><\/div><div class=\"wdform_preload\"><\/div><input type=\"hidden\" name=\"fm-current-page\" value=\"https:\/\/aidasac.info\/index.php\/wp-json\/wp\/v2\/pages\/10\" \/><\/form><\/div><\/p>\n<p><span style=\"color: #ff0000;\">*<span style=\"color: #000000;\"> champs obligatoires.<\/span><\/span><\/p>\n","protected":false},"excerpt":{"rendered":"<p>Si vous voulez nous confier une mission ou avoir un renseignement, utilisez le formulaire ci-dessous pour me contacter. Je\u00a0 vous r\u00e9pondrai le plus rapidement possible. * champs obligatoires.<\/p>\n","protected":false},"author":1,"featured_media":0,"parent":92,"menu_order":0,"comment_status":"closed","ping_status":"closed","template":"fullwidth.php","meta":{"footnotes":""},"class_list":["post-10","page","type-page","status-publish","hentry"],"yoast_head":"<!-- This site is optimized with the Yoast SEO plugin v25.8 - https:\/\/yoast.com\/wordpress\/plugins\/seo\/ -->\n<title>Contactez-moi - Web@ssistance 84<\/title>\n<meta name=\"description\" content=\"aide informatique, cr\u00e9ation sites internet, formation informatique, formation internet, aide \u00e0 la personne en informatique, 84, Avignon, Vaucluse\" \/>\n<meta name=\"robots\" content=\"index, follow, max-snippet:-1, max-image-preview:large, max-video-preview:-1\" \/>\n<link rel=\"canonical\" href=\"https:\/\/aidasac.info\/index.php\/accueil\/contactez-moi\/\" \/>\n<meta property=\"og:locale\" content=\"fr_FR\" \/>\n<meta property=\"og:type\" content=\"article\" \/>\n<meta property=\"og:title\" content=\"Contactez-moi - Web@ssistance 84\" \/>\n<meta property=\"og:description\" content=\"aide informatique, cr\u00e9ation sites internet, formation informatique, formation internet, aide \u00e0 la personne en informatique, 84, Avignon, Vaucluse\" \/>\n<meta property=\"og:url\" content=\"https:\/\/aidasac.info\/index.php\/accueil\/contactez-moi\/\" \/>\n<meta property=\"og:site_name\" content=\"Web@ssistance 84\" \/>\n<meta property=\"article:publisher\" content=\"https:\/\/www.facebook.com\/webassistance84\/\" \/>\n<meta property=\"article:modified_time\" content=\"2017-07-26T15:37:09+00:00\" \/>\n<meta property=\"og:image\" content=\"https:\/\/aidasac.info\/wp-content\/uploads\/2017\/07\/cropped-logo_pc_croix_rouge_6.png\" \/>\n\t<meta property=\"og:image:width\" content=\"512\" \/>\n\t<meta property=\"og:image:height\" content=\"512\" \/>\n\t<meta property=\"og:image:type\" content=\"image\/png\" \/>\n<meta name=\"twitter:card\" content=\"summary_large_image\" \/>\n<script type=\"application\/ld+json\" class=\"yoast-schema-graph\">{\"@context\":\"https:\/\/schema.org\",\"@graph\":[{\"@type\":\"WebPage\",\"@id\":\"https:\/\/aidasac.info\/index.php\/accueil\/contactez-moi\/\",\"url\":\"https:\/\/aidasac.info\/index.php\/accueil\/contactez-moi\/\",\"name\":\"Contactez-moi - Web@ssistance 84\",\"isPartOf\":{\"@id\":\"https:\/\/aidasac.info\/#website\"},\"datePublished\":\"2017-03-07T12:13:23+00:00\",\"dateModified\":\"2017-07-26T15:37:09+00:00\",\"description\":\"aide informatique, cr\u00e9ation sites internet, formation informatique, formation internet, aide \u00e0 la personne en informatique, 84, Avignon, Vaucluse\",\"breadcrumb\":{\"@id\":\"https:\/\/aidasac.info\/index.php\/accueil\/contactez-moi\/#breadcrumb\"},\"inLanguage\":\"fr-FR\",\"potentialAction\":[{\"@type\":\"ReadAction\",\"target\":[\"https:\/\/aidasac.info\/index.php\/accueil\/contactez-moi\/\"]}]},{\"@type\":\"BreadcrumbList\",\"@id\":\"https:\/\/aidasac.info\/index.php\/accueil\/contactez-moi\/#breadcrumb\",\"itemListElement\":[{\"@type\":\"ListItem\",\"position\":1,\"name\":\"Accueil\",\"item\":\"https:\/\/aidasac.info\/\"},{\"@type\":\"ListItem\",\"position\":2,\"name\":\"Accueil\",\"item\":\"https:\/\/aidasac.info\/index.php\/accueil\/\"},{\"@type\":\"ListItem\",\"position\":3,\"name\":\"Contactez-moi\"}]},{\"@type\":\"WebSite\",\"@id\":\"https:\/\/aidasac.info\/#website\",\"url\":\"https:\/\/aidasac.info\/\",\"name\":\"Web@ssistance 84\",\"description\":\"Assistance et formation informatique, cr\u00e9ation de sites internet en Vaucluse\",\"publisher\":{\"@id\":\"https:\/\/aidasac.info\/#organization\"},\"potentialAction\":[{\"@type\":\"SearchAction\",\"target\":{\"@type\":\"EntryPoint\",\"urlTemplate\":\"https:\/\/aidasac.info\/?s={search_term_string}\"},\"query-input\":{\"@type\":\"PropertyValueSpecification\",\"valueRequired\":true,\"valueName\":\"search_term_string\"}}],\"inLanguage\":\"fr-FR\"},{\"@type\":\"Organization\",\"@id\":\"https:\/\/aidasac.info\/#organization\",\"name\":\"Web@ssistance 84\",\"url\":\"https:\/\/aidasac.info\/\",\"logo\":{\"@type\":\"ImageObject\",\"inLanguage\":\"fr-FR\",\"@id\":\"https:\/\/aidasac.info\/#\/schema\/logo\/image\/\",\"url\":\"https:\/\/aidasac.info\/wp-content\/uploads\/2017\/09\/cropped-logo_pc_croix_rouge_6-2.png\",\"contentUrl\":\"https:\/\/aidasac.info\/wp-content\/uploads\/2017\/09\/cropped-logo_pc_croix_rouge_6-2.png\",\"width\":512,\"height\":512,\"caption\":\"Web@ssistance 84\"},\"image\":{\"@id\":\"https:\/\/aidasac.info\/#\/schema\/logo\/image\/\"},\"sameAs\":[\"https:\/\/www.facebook.com\/webassistance84\/\"]}]}<\/script>\n<!-- \/ Yoast SEO plugin. -->","yoast_head_json":{"title":"Contactez-moi - Web@ssistance 84","description":"aide informatique, cr\u00e9ation sites internet, formation informatique, formation internet, aide \u00e0 la personne en informatique, 84, Avignon, Vaucluse","robots":{"index":"index","follow":"follow","max-snippet":"max-snippet:-1","max-image-preview":"max-image-preview:large","max-video-preview":"max-video-preview:-1"},"canonical":"https:\/\/aidasac.info\/index.php\/accueil\/contactez-moi\/","og_locale":"fr_FR","og_type":"article","og_title":"Contactez-moi - Web@ssistance 84","og_description":"aide informatique, cr\u00e9ation sites internet, formation informatique, formation internet, aide \u00e0 la personne en informatique, 84, Avignon, Vaucluse","og_url":"https:\/\/aidasac.info\/index.php\/accueil\/contactez-moi\/","og_site_name":"Web@ssistance 84","article_publisher":"https:\/\/www.facebook.com\/webassistance84\/","article_modified_time":"2017-07-26T15:37:09+00:00","og_image":[{"width":512,"height":512,"url":"https:\/\/aidasac.info\/wp-content\/uploads\/2017\/07\/cropped-logo_pc_croix_rouge_6.png","type":"image\/png"}],"twitter_card":"summary_large_image","schema":{"@context":"https:\/\/schema.org","@graph":[{"@type":"WebPage","@id":"https:\/\/aidasac.info\/index.php\/accueil\/contactez-moi\/","url":"https:\/\/aidasac.info\/index.php\/accueil\/contactez-moi\/","name":"Contactez-moi - Web@ssistance 84","isPartOf":{"@id":"https:\/\/aidasac.info\/#website"},"datePublished":"2017-03-07T12:13:23+00:00","dateModified":"2017-07-26T15:37:09+00:00","description":"aide informatique, cr\u00e9ation sites internet, formation informatique, formation internet, aide \u00e0 la personne en informatique, 84, Avignon, Vaucluse","breadcrumb":{"@id":"https:\/\/aidasac.info\/index.php\/accueil\/contactez-moi\/#breadcrumb"},"inLanguage":"fr-FR","potentialAction":[{"@type":"ReadAction","target":["https:\/\/aidasac.info\/index.php\/accueil\/contactez-moi\/"]}]},{"@type":"BreadcrumbList","@id":"https:\/\/aidasac.info\/index.php\/accueil\/contactez-moi\/#breadcrumb","itemListElement":[{"@type":"ListItem","position":1,"name":"Accueil","item":"https:\/\/aidasac.info\/"},{"@type":"ListItem","position":2,"name":"Accueil","item":"https:\/\/aidasac.info\/index.php\/accueil\/"},{"@type":"ListItem","position":3,"name":"Contactez-moi"}]},{"@type":"WebSite","@id":"https:\/\/aidasac.info\/#website","url":"https:\/\/aidasac.info\/","name":"Web@ssistance 84","description":"Assistance et formation informatique, cr\u00e9ation de sites internet en Vaucluse","publisher":{"@id":"https:\/\/aidasac.info\/#organization"},"potentialAction":[{"@type":"SearchAction","target":{"@type":"EntryPoint","urlTemplate":"https:\/\/aidasac.info\/?s={search_term_string}"},"query-input":{"@type":"PropertyValueSpecification","valueRequired":true,"valueName":"search_term_string"}}],"inLanguage":"fr-FR"},{"@type":"Organization","@id":"https:\/\/aidasac.info\/#organization","name":"Web@ssistance 84","url":"https:\/\/aidasac.info\/","logo":{"@type":"ImageObject","inLanguage":"fr-FR","@id":"https:\/\/aidasac.info\/#\/schema\/logo\/image\/","url":"https:\/\/aidasac.info\/wp-content\/uploads\/2017\/09\/cropped-logo_pc_croix_rouge_6-2.png","contentUrl":"https:\/\/aidasac.info\/wp-content\/uploads\/2017\/09\/cropped-logo_pc_croix_rouge_6-2.png","width":512,"height":512,"caption":"Web@ssistance 84"},"image":{"@id":"https:\/\/aidasac.info\/#\/schema\/logo\/image\/"},"sameAs":["https:\/\/www.facebook.com\/webassistance84\/"]}]}},"_links":{"self":[{"href":"https:\/\/aidasac.info\/index.php\/wp-json\/wp\/v2\/pages\/10","targetHints":{"allow":["GET"]}}],"collection":[{"href":"https:\/\/aidasac.info\/index.php\/wp-json\/wp\/v2\/pages"}],"about":[{"href":"https:\/\/aidasac.info\/index.php\/wp-json\/wp\/v2\/types\/page"}],"author":[{"embeddable":true,"href":"https:\/\/aidasac.info\/index.php\/wp-json\/wp\/v2\/users\/1"}],"replies":[{"embeddable":true,"href":"https:\/\/aidasac.info\/index.php\/wp-json\/wp\/v2\/comments?post=10"}],"version-history":[{"count":7,"href":"https:\/\/aidasac.info\/index.php\/wp-json\/wp\/v2\/pages\/10\/revisions"}],"predecessor-version":[{"id":775,"href":"https:\/\/aidasac.info\/index.php\/wp-json\/wp\/v2\/pages\/10\/revisions\/775"}],"up":[{"embeddable":true,"href":"https:\/\/aidasac.info\/index.php\/wp-json\/wp\/v2\/pages\/92"}],"wp:attachment":[{"href":"https:\/\/aidasac.info\/index.php\/wp-json\/wp\/v2\/media?parent=10"}],"curies":[{"name":"wp","href":"https:\/\/api.w.org\/{rel}","templated":true}]}}